 + 32 = -13. Let p(h) = -12 + 1 + 4*h - 6. Calculate the remainder when p(13) is divided by v.
8
Let v(m) = m**3 - 22*m**2 + 2*m - 15. What is the remainder when 34 is divided by v(22)?
5
Let q = -60 - -58. What is the remainder when q*1*(-1144)/16 is divided by 16?
15
Suppose -4*j - 14 = -58. Calculate the remainder when 25 is divided by j.
3
Let l(v) = -v**3 + 11*v**2 + 27*v - 145. What is the remainder when l(12) is divided by 35?
0
Suppose 2*j + 527 = 5*p, 0 = -p - p + j + 210. What is the remainder when p is divided by 6?
5
Suppose -7*v - 9*v = -544. Calculate the remainder when 96 is divided by v.
28
Let b be (-459)/36*8/(-6). Let l = b + 178. Calculate the remainder when l is divided by 33.
30
Let h = -20 - -35. Suppose 5*o + h = 2*w - 7*w, 4*o + 5 = 3*w. What is the remainder when 11 is divided by (-189)/(-18)*o/(-3)?
4
Suppose -34*h = -1666 - 2482. Calculate the remainder when h is divided by 43.
36
Suppose -160*a = -163*a + 1101. What is the remainder when a is divided by 9?
7
Let g be 996/(-52) - 2/(-13). Let j = g + 41. What is the remainder when j is divided by 9?
4
Let j = 79 + -143. Let y = -25 - j. Calculate the remainder when y is divided by (-2)/5 - (-52)/5.
9
What is the remainder when 2/(-4) + (-2934)/(-36) is divided by 19?
5
Suppose 0*a = -2*n - 2*a + 14, -5*n + 3*a + 19 = 0. Suppose -3*k = 4*j - 3*j - 87, -5*k = -n*j + 355. Calculate the remainder when j is divided by 19.
18
Suppose -5*d - 25 = 0, 4 = 5*b + 4*d - 11. What is the remainder when 33 is divided by b?
5
Suppose -4*p + 406 = -1594. Suppose -12*z + p = -8*z. What is the remainder when z is divided by (-4)/2 - 0 - -34?
29
Suppose 0 = 5*u - 3*u. Suppose -i = -3*h - u*i + 56, -3*h + 5*i + 40 = 0. Let n = 30 - -48. Calculate the remainder when n is divided by h.
18
Let z = 11 - 4. Let h be (-9)/15 + (-196)/(-35). Suppose -6 = -h*b + 14. What is the remainder when z is divided by b?
3
Suppose -19*h + 98 = -5583. What is the remainder when h is divided by 153?
146
Suppose 6*i = -3*f + 2*i - 7597, -2*i - 2531 = f. Calculate the remainder when 6/33 - f/33 is divided by 13.
12
Let u(t) = -33 - t + 2*t + 15 + 24. Calculate the remainder when 15 is divided by u(2).
7
Let i(r) = 4*r**3 - 4*r**2 + 6*r. Let w(u) = 3*u + 24. Let c be w(-7). Calculate the remainder when i(c) is divided by 31.
28
Let p(u) = -3*u**2 + 64*u - 39. Calculate the remainder when 93 is divided by p(20).
11
Suppose -2*t + z + 66 = 0, z - 120 = -4*t - 0*z. Let u(l) = 2*l**2 - 12. Calculate the remainder when u(6) is divided by t.
29
Let o(y) = -y**2 + 12 + 12 - 24 + 7 + 10*y. What is the remainder when 18 is divided by o(10)?
4
Let d(x) = -3*x**2 - 15*x + 17. Let w(q) = -12*q - 15. What is the remainder when w(-8) is divided by d(-5)?
13
Let h = -26 + 47. Let x be (3/(-2))/(18/(-12)). What is the remainder when h is divided by 10*(12/15)/x?
5
Let w = 19031 + -18980. Let r = -4 + 23. Calculate the remainder when w is divided by r.
13
Let k be 4 - (-106 + (1 - -3)). Suppose 0 = 7*f - k - 20. What is the remainder when 35 is divided by f?
17
Suppose 2*x - 5*k + 12 = x, -2*k = -5*x - 14. Calculate the remainder when -4 - (-129)/(-6)*x is divided by 15.
9
Let k be 1*-2 - (-12)/4. Let c(g) = -37*g - 1. Let m be c(k). Calculate the remainder when 69 is divided by (4 + m/6)*-6.
13
Calculate the remainder when 273 is divided by (-1)/(0 - 5*4/620).
25
Let a(o) = 288*o - 44. What is the remainder when a(1) is divided by 51?
40
Let a = 201 - 186. What is the remainder when 178 is divided by a?
13
Suppose 6*g - 20 - 10 = 0. Suppose g*n - 341 = 69. Suppose -n = 6*h - 8*h. What is the remainder when h is divided by 11?
8
Let x be (-11 - -12)*(0/1 - -3). Suppose -102 = -x*u - 0*u. Calculate the remainder when u is divided by 12.
10
Suppose k - 25 - 103 = 0. Let q = k - 88. What is the remainder when 159 is divided by q?
39
What is the remainder when 115 is divided by 1 - (2528/(-8))/4?
35
Suppose -1022 + 414 = -8*s. What is the remainder when 299 is divided by s?
71
Let u(b) = b**3 + 7*b**2 + 9*b + 8. Let y be u(-6). Let p = 35 - 48. Let x = y - p. Calculate the remainder when 4 is divided by x.
1
Suppose 0 = -5*h + 2*a + 39, 0 = h - 4*a - 3 + 6. Suppose q = 4 + h. Calculate the remainder when -18*(1 - (4 + -1)) is divided by q.
10
Let c = 329 + -99. What is the remainder when c is divided by 77?
76
Suppose -40*o = -767 - 33. What is the remainder when 78 is divided by o?
18
Let m = 655 + -600. Calculate the remainder when m is divided by 46.
9
Let j(v) = 4*v**2 + 4*v + 6. Let z be (-16)/12*((-4)/2 - 1). Suppose s + d - 14 = 0, -5*d = -z*s - d + 32. Calculate the remainder when j(-4) is divided by s.
10
Suppose -d + 4 + 8 = 0. Let r = -8 + d. Suppose 5*j + 68 = r*c, 3*c - 3*j + 6*j - 24 = 0. Calculate the remainder when 32 is divided by c.
8
Suppose -3*v = -4 - 377. Suppose -4*g + v = a, -3*a + 84 = 3*g - 0*g. What is the remainder when g is divided by (4 - (3 + -15)) + 2?
15
Suppose -4*r + 133 = -5*c, 0 = c - 3. Calculate the remainder when (-18)/12 - (-149)/2 is divided by r.
36
Let o be (0 - 1)*(7 + -2). Let x(s) = -2*s - 7. Let g be x(o). Suppose -g*d - 2*v = 3*v - 62, 2*v - 36 = -2*d. What is the remainder when 40 is divided by d?
12
Let y(f) = f**3 + 5*f**2 - 2*f - 3. Let o(r) = r**2 - 6*r + 8. What is the remainder when y(-4) is divided by o(6)?
5
Suppose 17*j = 244 + 181. Calculate the remainder when j is divided by 14.
11
Suppose 0*v = -14*v + 238. What is the remainder when 28 is divided by v?
11
Let g(y) be the second derivative of -9*y**5/10 + 8*y. What is the remainder when 31 is divided by g(-1)?
13
Suppose 38*v + 198 = 1186. Calculate the remainder when 67 is divided by v.
15
Suppose 4*u + 42 = 5*c, -4*c + u + 8 = -19. Calculate the remainder when 65 is divided by c.
5
Let c = -225 + 282. What is the remainder when c is divided by 13?
5
Calculate the remainder when (-6 + 90/12)/(1/46) is divided by 7.
6
Suppose -b = 4*m + 2*b - 60, -3*m + 2*b + 62 = 0. What is the remainder when 115 is divided by m?
7
Suppose u + 4*b - 18 = 0, 0 = 2*u - 5*b + 13 - 88. What is the remainder when u is divided by 17?
13
Suppose -7*t = -42, w - t = -2 + 9. Calculate the remainder when (-1)/(-4) - 151/(-4) is divided by w.
12
Suppose -5*n = n + 6. Let a(j) = -5*j. Calculate the remainder when 7 is divided by a(n).
2
Let d(h) = h**2 + 33*h + 163. Let m be d(-27). Let f(b) = -1 + 6*b**2 + 3 - 4*b + b. Calculate the remainder when 19 is divided by f(m).
4
Suppose -27*l = -w - 30*l + 47, 3*w - 57 = 5*l. Suppose 486 = 4*s - 86. What is the remainder when s is divided by w?
27
Let x(n) = -n + 14. Calculate the remainder when (-2332)/(-60) + (5 - (-219)/(-45)) is divided by x(6).
7
Let l(c) = -c**2 + 11*c + 45. Let j be l(12). What is the remainder when j/(-11) - (0 - 92) is divided by 13?
11
Suppose 0 = -4*g + 20, 7*p - 3*p + 4*g = 68. Let i(q) = q**2 + q - 1. Let s be i(1). What is the remainder when p is divided by s - 9/6*-4?
5
Suppose -3*a + 2*j + 218 = -0*j, -j - 73 = -a. Suppose w = -3*w + a. What is the remainder when 70 is divided by w?
16
Let c = -340 + 523. What is the remainder when c is divided by 21?
15
Suppose -291 = -2*o - o. Suppose 10*s = o + 113. Calculate the remainder when s is divided by 11.
10
Suppose -2*g = -10*g + 112. Suppose 3*t - 159 = -3*l, -5*l + t + 251 = -t. Calculate the remainder when l is divided by g.
9
Let z(k) = k - 3. Let r be z(-9). Let i be (r/(-15))/(2/295). Suppose 5*a - i - 2 = 0. What is the remainder when 94 is divided by a?
22
Suppose 2*m - 4*j = 210, -4*m + 5*j = j - 416. Calculate the remainder when m is divided by 18.
13
Let y(l) = -l**2 + 7*l + 11. Let o be y(7). Suppose b = -5*k + 115, -4*b = o + 9. Calculate the remainder when 93 is divided by k.
21
Suppose 443 + 422 = o. What is the remainder when o is divided by 14?
11
Suppose -5*v - 449 = -7*v + b, 0 = 4*v + 4*b - 892. What is the remainder when v is divided by 112?
0
Let q(n) = -7*n**2 + 14*n + 2. Let t(o) = o**2 - o - 1. Let d(a) = q(a) + 6*t(a). Suppose 0 = -4*p - 69 + 97. Calculate the remainder when d(p) is divided by 3.
0
Let n(k) = k**3 - 10*k**2 - 13*k + 27. Let q be n(11). Suppose -8*b + q = -91. What is the remainder when 16 is divided by b?
4
Suppose -53 = -3*m - 4*x, -2*m = m - 3*x - 60. Suppose -4*g + 0*g - w 